{"id":764,"date":"2017-02-21T16:21:08","date_gmt":"2017-02-21T16:21:08","guid":{"rendered":"http:\/\/eva.temashdesign.com\/fashionimport\/?post_type=product&#038;p=764"},"modified":"2022-02-13T09:01:17","modified_gmt":"2022-02-13T09:01:17","slug":"magma","status":"publish","type":"product","link":"https:\/\/vestidosparafiestas.com\/index.php\/product\/magma\/","title":{"rendered":"MAGMA"},"content":{"rendered":"","protected":false},"excerpt":{"rendered":"<p>Elegante fusi\u00f3n de cultura y modernidad, el pendiente individual Magma es una declaraci\u00f3n de elegancia moderna. En sinton\u00eda con el car\u00e1cter din\u00e1mico de la colecci\u00f3n, los pendientes individuales pueden combinarse para crear un estilo realmente \u00fanico.<\/p>\n","protected":false},"featured_media":862,"comment_status":"open","ping_status":"closed","template":"","meta":{"_acf_changed":false},"product_cat":[93],"product_tag":[72],"acf":[],"jetpack_sharing_enabled":true,"_links":{"self":[{"href":"https:\/\/vestidosparafiestas.com\/index.php\/wp-json\/wp\/v2\/product\/764"}],"collection":[{"href":"https:\/\/vestidosparafiestas.com\/index.php\/wp-json\/wp\/v2\/product"}],"about":[{"href":"https:\/\/vestidosparafiestas.com\/index.php\/wp-json\/wp\/v2\/types\/product"}],"replies":[{"embeddable":true,"href":"https:\/\/vestidosparafiestas.com\/index.php\/wp-json\/wp\/v2\/comments?post=764"}],"wp:featuredmedia":[{"embeddable":true,"href":"https:\/\/vestidosparafiestas.com\/index.php\/wp-json\/wp\/v2\/media\/862"}],"wp:attachment":[{"href":"https:\/\/vestidosparafiestas.com\/index.php\/wp-json\/wp\/v2\/media?parent=764"}],"wp:term":[{"taxonomy":"product_cat","embeddable":true,"href":"https:\/\/vestidosparafiestas.com\/index.php\/wp-json\/wp\/v2\/product_cat?post=764"},{"taxonomy":"product_tag","embeddable":true,"href":"https:\/\/vestidosparafiestas.com\/index.php\/wp-json\/wp\/v2\/product_tag?post=764"}],"curies":[{"name":"wp","href":"https:\/\/api.w.org\/{rel}","templated":true}]}}